).
1
Suppose 0 = -3*t + 7 + 8. Let a(d) = -2*d**3 + 10*d**2 - 2*d + 17. Let j(m) = -m**3 + 5*m**2 - m + 8. Let g(v) = -4*a(v) + 9*j(v). What is g(t)?
-1
Let b(v) = 34*v + 34*v - 67*v - 11. Give b(6).
-5
Let v(i) = 2*i - 4. Suppose -5*o - 3*f = -32, -4*f + 32 = 5*o - 4. Determine v(o).
4
Let w(a) be the first derivative of a**4/4 + a**3/3 + a**2/2 + 13*a - 9. Determine w(0).
13
Suppose -3*r = 2*u + 6 + 5, 3*u - r - 11 = 0. Let z(q) = -u*q + q + 3*q - q. Calculate z(7).
7
Let g(b) be the first derivative of b**2 - 9*b - 56. Determine g(7).
5
Suppose s + 15 = -4*s. Let u = s - -6. Let a = 2 - u. Let x(l) = -4*l**2 + 1. Give x(a).
-3
Suppose 3*f = -2*w - 19, 3*f = -2*f + w - 23. Let y(p) = 4*p**3 - 5*p**2 + p - 2. Let m(o) = o**3. Let b(z) = 5*m(z) - y(z). Determine b(f).
7
Let v = -80 + 75. Let m(r) = -r**2 - 3*r + 5. What is m(v)?
-5
Let g(b) = -15*b**2 - b - 1. Suppose -8*z = -3*z + 5. Calculate g(z).
-15
Let k(y) = 5*y - 4. Let d(z) = 36*z - 27. Let u(f) = 2*d(f) - 15*k(f). Suppose -3 = 2*t - 3*x - 7, 0 = -3*t - 5*x + 25. What is u(t)?
-9
Let w(s) = s**3 + 6*s**2 + 6. Let d(x) = 2*x**3 + 12*x**2 - x + 13. Let l(z) = 4*d(z) - 9*w(z). What is l(-5)?
-7
Suppose 5*p = 4*u - 6, 2*u - 18 = p - 3*u. Let j(k) = -4*k + 2. What is j(p)?
-6
Let k(q) = q**3 - 3*q**2 - 4*q - 1. Let m(u) = -2*u**3 + 4*u**2 + 5*u + 2. Let j = -9 - -12. Let r(d) = j*k(d) + 2*m(d). Calculate r(-2).
9
Let k(v) be the second derivative of -v**3/6 - 2*v**2 - 2*v. Suppose 0 = 2*c + 8 - 0. Give k(c).
0
Let o be (-1)/(-2)*176/(-11). Let y(w) = -w**2 - 8*w + 6. Give y(o).
6
Let j be (-3)/2*(-12)/9. Let y(c) be the first derivative of -1/2*c**2 + j + 7*c. Determine y(0).
7
Let m(c) = -c - 1. Let u(l) = -l**3 + 6*l**2 - 2*l - 8. Let k(s) = -2*m(s) + u(s). Give k(6).
-6
Let d be (-5)/20 - (-63)/12. Let x(a) = a**2 - 6*a - 3. Calculate x(d).
-8
Let k(m) = -3*m**3 - 12*m**2 - 7*m - 18. Let o(x) = -x**3 - 6*x**2 - 4*x - 9. Let r(c) = -2*k(c) + 5*o(c). Let t be (15 - 1)*3/6. Determine r(t).
-2
Suppose 2*s + 12 = 6*s. Suppose s*a = a + 8. Let k(v) be the third derivative of v**4/24 - 5*v**3/6 - 7*v**2. Calculate k(a).
-1
Let w be (4/(-8))/1*-2. Let u(x) be the first derivative of 0*x**3 - 1 - x**2 + 5/4*x**4 + x. Determine u(w).
4
Let n(r) = r**2 + 10*r + 11. Let i be n(-10). Let h be (-2)/(-6) + i/3. Let t(k) = -3*k + 3*k + 9 + h - k. Calculate t(0).
13
Suppose i - t = 0, t = 1 - 4. Let j(o) be the second derivative of o**3/3 - o**2/2 - 7*o. Calculate j(i).
-7
Let s(y) be the second derivative of -y**5/20 - 5*y**4/12 + 21*y. What is s(-5)?
0
Let s(l) be the third derivative of -l**5/60 + l**4/24 - l**3/6 - 8*l**2. Determine s(-2).
-7
Let y(n) = -n**2 + n + 5. Let v(t) = t**2 - 4*t. Let s be v(4). Let b be s/(-2*(0 + -1)). What is y(b)?
5
Let j(o) = 7*o - 1. Suppose 0 = 2*q + 10, 0 = -5*l - 3*q + 7 - 37. Let t be (-3)/(-9) - (-10)/l. Let g = t + 2. Calculate j(g).
-8
Let s(v) be the second derivative of -3*v - 1/6*v**3 + 0 - v**2. What is s(-5)?
3
Let l be (-10)/(-6) + (-4)/6. Suppose 1 = f - l. Let t(u) = -f*u + u**2 + 2*u - 2*u - 3 - 3*u. Determine t(5).
-3
Let s = -11/7 + 51/28. Let b(z) be the second derivative of -s*z**4 + z**2 + 1/20*z**5 + z + 0 - 5/6*z**3. Determine b(4).
-2
Let p(x) be the first derivative of x**4/4 + x**3 - 4*x + 1. Let o = 14 - 9. Suppose 0 = -b + l - 4, -3*b + b - l = o. What is p(b)?
-4
Let g(k) = 3*k**2 + 7*k - 6. Let o(v) = -16*v**2 - 36*v + 30. Let s(h) = -11*g(h) - 2*o(h). Determine s(-7).
-8
Let i(z) be the first derivative of -z**3/3 + 3*z**2 - 4*z - 40. Determine i(6).
-4
Let z(s) = -4*s**2 + 2*s + 2. Let x(h) = 15*h**2 - 7*h - 7. Let o(c) = 6*x(c) + 22*z(c). Determine o(-2).
6
Let y(s) = -12*s**2 + 155*s**3 - 156*s**3 - 9 - 12*s - 1. Calculate y(-11).
1
Let z(c) = -2*c**3 - 186*c**2 - 3*c + 1 + 191*c**2 + c**3. Calculate z(4).
5
Let x(u) = u**3 + 4*u**2 - 7*u - 5. Let s(r) = -14*r - 61. Let v be s(-4). Determine x(v).
5
Let u(j) = j. Let t(m) = -2*m + 10. Let x(g) = -t(g) - 3*u(g). Determine x(-6).
-4
Let x(a) = a - 2. Let f be x(5). Suppose s + f - 8 = -5*g, s = -5. Let v(l) = -5*l + 2*l**2 + g*l**2 + 4 - l**3 - 1. What is v(3)?
-3
Let x(j) = 4*j**3 - 9*j**2 - 6*j + 7. Let f(s) = -3*s**3 + 8*s**2 + 5*s - 6. Suppose -10 = -2*q - 2. Let z(h) = q*x(h) + 5*f(h). Give z(-2).
4
Let m be 4/(-4) + 1*4. Let b(f) = -m*f - 3*f + 1 + 7*f. Determine b(-5).
-4
Let j be (5*-1)/(4 - 5). Let q(u) = -u**3 + 4*u**2 + 6*u + 2. Determine q(j).
7
Let k(i) be the first derivative of 13*i**4/4 - i**3/3 - 3*i**2/2 + 6. Let u(x) = -53*x**3 + 4*x**2 + 13*x. Let d(n) = -9*k(n) - 2*u(n). Calculate d(-1).
11
Let n(o) = 0*o - 2*o + o - 1. Let u be 23/5 - (-6)/(-10). Suppose 5*i + 19 = -u*t - 3, -4*t - 3*i = 18. Determine n(t).
2
Suppose -5*t + 17 = 4*g, -3*g - 2*t + 5 = -6. Let v(r) = r**2 - 2*r. Let y be v(g). Let j(o) = -1 + o**2 + y + o + 1. Give j(0).
3
Let u(s) = -4 - s + 1 - 5. Let f(v) = -v**2 - 12*v - 5. Let g be f(-12). What is u(g)?
-3
Let h(r) = r**3 + 8*r**2 + 8*r - 2. Let c be 0 + -3 - 20/5. What is h(c)?
-9
Let p(l) = l**3 - 4*l**2 + 4. Let o(d) = 8*d + 67. Let q be o(-8). Calculate p(q).
-5
Let n be 1/(-5) + (-66)/(-30). Let r be n/(-2) - (-2 + -5). Let w(q) = q**3 - 7*q**2 + 7*q - 4. Give w(r).
2
Let b(h) = h**3 + h**2 - h + 6. Let k(c) be the first derivative of c**3/3 + 2*c**2 + 20. Let n be 1/(0 + 1/(-4)). Let w be k(n). Give b(w).
6
Let r(y) = 5*y - 141*y**2 - 2 + 293*y**2 - 151*y**2. Calculate r(-6).
4
Let f(x) = -4*x**3 - 6*x**2 + 12*x. Let v(w) = 12*w - 1 + 6*w**2 + 8*w**3 - 3*w**3 - 25*w. Let u(h) = 6*f(h) + 5*v(h). Determine u(5).
5
Let y(m) = 7*m + 9*m**2 - 6 + 2*m**3 - 4*m**3 + 3*m**3. Determine y(-8).
2
Let h be (-3)/(-6)*24/(-2). Let g(y) be the first derivative of 9*y + 3/2*y**2 + 1/4*y**4 + 3 + 2*y**3. What is g(h)?
-9
Suppose 0*x - a - 13 = 3*x, -a + 7 = -x. Let b be -1 - (2 + x - 0). Let c(p) = p + 1. Give c(b).
3
Let d(v) = -5*v. Let x(n) = 6*n. Let l(p) = 3*d(p) + 2*x(p). Determine l(2).
-6
Let t(k) = 7*k**2 - 9*k**2 - 1 - 10*k**3 - 4*k**3 - 2*k. Calculate t(-1).
13
Suppose -5*o + a = 0, 0 = o + 4*o - 2*a + 5. Let q(z) = -6 - o + z + 4. Suppose -3*u + 4 - 1 = 3*l, 3*u + 5*l - 1 = 0. Determine q(u).
-1
Let o(t) = -3*t - 3. Let g(z) = 4*z + 4. Let w(h) = 2*g(h) + 3*o(h). Suppose 0 = 4*x + 2*y - 3*y - 20, -3*y = 4*x - 4. Give w(x).
-5
Let h(n) = 12*n - 19. Let v(b) = -5*b + 9. Let r(i) = -2*h(i) - 5*v(i). What is r(5)?
-2
Let i(g) = -g**2 - 4*g + 4. Suppose 16 = -4*o, 0*o - 236 = -5*z + 4*o. Suppose -5*s - 54 = -t - t, 4*s + z = 2*t. Let b be (-18)/4 - (-5)/s. Give i(b).
-1
Let g(v) = -v**2 - 3*v. Let n be 6/((6/4)/(-1)). Let h(x) be the second derivative of -x**3/6 - x**2/2 + x. Let s(z) = n*h(z) - g(z). Give s(-3).
-8
Let m(z) = z**3 + z**2. Let h be (-6)/((-4)/((-2)/(-1))). Suppose h = i + 2. Suppose 3 - i = -s. Calculate m(s).
-4
Let c(q) = -q**2 + 4*q - 4. Let p be (-1 + -2)/(-4 - -3). Suppose 3*m = 2*d - 2*m + 7, -p*d + 24 = 4*m. Give c(d).
-4
Let f(h) = -4*h**2 + 1. Let r(y) = -2*y**2 + 1. Let c be r(0). What is f(c)?
-3
Suppose -h - 3*h - 3 = -r, -h = -3*r - 13. Let g(o) = o + 1. What is g(r)?
-4
Let t(z) = 24*z**2 - 1 + 40*z**2 - 51*z**2. What is t(1)?
12
Let h be 37/5 - (-8)/(-20). Let y(c) = 6*c + c**3 - 3 + c**2 + 0*c - h*c**2 + c. Let d(p) = -p**3 + 6*p**2 + 8*p - 2. Let a be d(7). What is y(a)?
7
Let u = -47 + 46. Let k(c) = 2*c**3 - c**2 - c - 1. Calculate k(u).
-3
Let p(n) = n**2 + 6*n + 5. Let q be p(-5). Suppose 20 = -q*t + 4*t. Let i(g) = -g**3 + 6*g**2 - 4*g - 1. What is i(t)?
4
Let p(s) be the second derivative of s**3/6 - s**2/2 + 6*s. Calculate p(3).
2
Let r(m) = 7*m + 11. Let d(t) = 4*t + 6. Let f(k) = -11*d(k) + 6*r(k). Determine f(2).
-4
Suppose 2*s + 14 = 4*s. Let o(y) = 2*y - 6. Give o(s).
8
Let j = 3 - -1. Let y be 0 + -1 + (4 - 3). Let l(g) = y*g - 3*g + g + g. Calculate l(j).
-4
Let g(o) = o**2 + o - 1. Let h(n) = -4*n**2 - 8*n + 7. Let w(z) = -2*z**3 - 4*z**2 - 4*z - 3. Let u be w(-2). Let c(m) = u*g(m) + h(m). Determine c(2).
0
Suppose -4 = -4*j + 6*j. Let a(r) = r**2 + 4*r + 3. Calculate a(j).
-1
Let h(d) = d**2 - d + 3. Let o be (-47)/(-4) - 1/(-4). Suppose -o = -u + 5*u, 21 = 4*q - 3*u. Calculate h(q).
9
Let y(j) be the first derivative of j**5/60 + 7*j**4/24 + j**3/6 - j**2/2 + 1. Let i(d) be the second derivat